
    
    {"id":276,"date":"2015-10-23T08:53:00","date_gmt":"2015-10-23T08:53:00","guid":{"rendered":"http:\/\/blogs.uladech.edu.pe\/responsabilidadsocial\/?page_id=276"},"modified":"2015-10-23T08:53:00","modified_gmt":"2015-10-23T08:53:00","slug":"logo-de-rs","status":"publish","type":"page","link":"https:\/\/blogs.uladech.edu.pe\/responsabilidadsocial\/logo-de-rs\/","title":{"rendered":"Logo de Rs"},"content":{"rendered":"<p style=\"text-align: justify\">\u00a0FUNDAMENTACI\u00d3N DEL LOGO DE RESPONSABILIDAD SOCIAL ULADECH CAT\u00d3LICA<\/p>\n<p>El logo art\u00edstico est\u00e1 compuesto por elementos minimalistas que son:<\/p>\n<p><strong>1.<\/strong> El planeta tierra: Simbolizado por las circunferencia y las l\u00edneas imaginarias de la tierra. Representa a nuestro planeta tierra que demanda de la humanidad su protecci\u00f3n y conservaci\u00f3n, a la vez est\u00e1 representando el s\u00edmbolo de la norma ISO 26000 sobre Responsabilidad Social.<\/p>\n<p><strong>2.<\/strong> La humanidad (La universidad): Simbolizado por una siluera del hombre y el color distintivo de la ULADECH Cat\u00f3lica. Representa la comunidad universitaria y su rol de extensi\u00f3n y proyecci\u00f3n social, su responsabilidad de proteger, contribuir y educar a su comunidad, al pa\u00eds y a la humanidad en general. El conjunto del hombre entregando un libro y una hoja de arbol al planeta tierra representa la responsabilidad social, el saber ser, el saber hacer<\/p>\n<p><strong>3.<\/strong> El logo ULADECH: Simbolizado por la cabeza de la silueta del hombre, el logo institucional de la ULADECH Cat\u00f3lica. Representa a la Insitituci\u00f3n Universidad Cat\u00f3lica Los Angeles de Chimbote.<\/p>\n<p><strong>4.<\/strong> El libro abierto: Simbolizado por la silueta de un libro. Representa el conocimiento al servicio de la humanidad, el cual debe trascender del \u00e1mbito universitario a la comunidad.<\/p>\n<p><strong>5.<\/strong> El medio ambiente: Simbolizado por la hoja de un \u00e1rbol colocado en la parte mas alta del planeta tierra. Representa la prioridad de la humanidad por conservar su medio ambiente.<\/p>\n<p><strong>6.<\/strong> La cruz: Simbolizado por una cruz. Representa los valores y el car\u00e1cter cristiano cat\u00f3lico de la Universidad Uladech Cat\u00f3lica.<\/p>\n<p style=\"text-align: justify\">\n<p style=\"text-align: justify\"><a href=\"http:\/\/blogs.uladech.edu.pe\/responsabilidadsocial\/wp-content\/uploads\/sites\/7\/2015\/10\/logo-dares-20141.jpg\"><img loading=\"lazy\" class=\"aligncenter size-full wp-image-277\" alt=\"logo-dares-2014\" src=\"http:\/\/blogs.uladech.edu.pe\/responsabilidadsocial\/wp-content\/uploads\/sites\/7\/2015\/10\/logo-dares-20141.jpg\" width=\"300\" height=\"250\" \/><\/a><\/p>\n","protected":false},"excerpt":{"rendered":"<p>\u00a0FUNDAMENTACI\u00d3N DEL LOGO DE RESPONSABILIDAD SOCIAL ULADECH CAT\u00d3LICA El logo art\u00edstico est\u00e1 compuesto por elementos minimalistas que son: 1. El&#8230; <a href=\"https:\/\/blogs.uladech.edu.pe\/responsabilidadsocial\/logo-de-rs\/\">Continue reading &raquo;<\/a><\/p>\n","protected":false},"author":8,"featured_media":0,"parent":0,"menu_order":0,"comment_status":"open","ping_status":"open","template":"","meta":[],"_links":{"self":[{"href":"https:\/\/blogs.uladech.edu.pe\/responsabilidadsocial\/wp-json\/wp\/v2\/pages\/276"}],"collection":[{"href":"https:\/\/blogs.uladech.edu.pe\/responsabilidadsocial\/wp-json\/wp\/v2\/pages"}],"about":[{"href":"https:\/\/blogs.uladech.edu.pe\/responsabilidadsocial\/wp-json\/wp\/v2\/types\/page"}],"author":[{"embeddable":true,"href":"https:\/\/blogs.uladech.edu.pe\/responsabilidadsocial\/wp-json\/wp\/v2\/users\/8"}],"replies":[{"embeddable":true,"href":"https:\/\/blogs.uladech.edu.pe\/responsabilidadsocial\/wp-json\/wp\/v2\/comments?post=276"}],"version-history":[{"count":1,"href":"https:\/\/blogs.uladech.edu.pe\/responsabilidadsocial\/wp-json\/wp\/v2\/pages\/276\/revisions"}],"predecessor-version":[{"id":278,"href":"https:\/\/blogs.uladech.edu.pe\/responsabilidadsocial\/wp-json\/wp\/v2\/pages\/276\/revisions\/278"}],"wp:attachment":[{"href":"https:\/\/blogs.uladech.edu.pe\/responsabilidadsocial\/wp-json\/wp\/v2\/media?parent=276"}],"curies":[{"name":"wp","href":"https:\/\/api.w.org\/{rel}","templated":true}]}}